6. Let x be (z + (-6)/(-4))*4. Let f(i) = -31 - 2*i + 0*i + 26 + 2*i**x. What is f(4)?
19
Suppose 3*z = 4*n - 21 + 7, 2*z - 5*n + 21 = 0. Let u(h) = -z*h + 4 + 7*h - 2*h. What is u(6)?
22
Let y(u) be the first derivative of -u**4/4 + 14*u**3 + u**2/2 - 46*u - 7225. What is y(42)?
-4
Suppose -2*r = 5*y + 15, 3*r = 5*y + 6 + 9. Suppose r = 4*o - 13 - 7. Suppose 0 = -o*g - 4 - 16. Let l(d) = -d**3 - 5*d**2 - 2*d + 1. Determine l(g).
-7
Let d be 4*(-6)/24*(-2 + 2). Let y(o) = -7*o + d*o + 5*o + 3*o - 5*o. Determine y(1).
-4
Let y(s) = -s**2 + 11*s + 11. Let j = 2 + 19. Suppose -19*o + 249 - j = 0. What is y(o)?
-1
Let y(n) = 2*n**3 - 11*n**2 + 21*n + 3. Let j be y(5). Let m(s) = j - 4*s - 37 - 47. Calculate m(-2).
7
Suppose -7*s = -14*s - 7. Let g(k) = 18*k + 14. Let i be g(s). Let l(d) = -d**3 - 5*d**2 + 5. Calculate l(i).
-11
Suppose -3*v = -7*g + 287, 39 = 4*g + 4*v - 125. Let p(h) = h**2 - 44*h + 126. Give p(g).
3
Suppose -93*g + 90*g = 5*y - 31, 4*y - 29 = -3*g. Let o(t) = -9 - 232*t - 238*t + 460*t + 1 + 9*t**2 - g*t**2. What is o(6)?
4
Let k = -7958 - -7966. Let i(j) = 3*j + 9. Let s(c) = c. Let w(n) = i(n) - 5*s(n). Determine w(k).
-7
Let z(a) be the third derivative of 0*a + 1/120*a**6 + 0 - 4*a**2 - 1/6*a**3 + 1/10*a**5 + 1/24*a**4. Let n be -2 - -10*4/(-10). Determine z(n).
-7
Let r(x) = 4*x - 2. Suppose 3*v = -2*n + 9, n + 21 = 3*v - n. Suppose 0 = 4*l + 20, -v*c - 10*l = -9*l - 5. What is r(c)?
6
Let o = -28 - -20. Let i = -1 - o. Suppose -3*g + i = -2. Let h(x) = x**2 - 1. Calculate h(g).
8
Let u(k) = -89*k**3 + 24*k - 58*k**3 + 146*k**3 + 6 - 23*k**2. Determine u(-24).
6
Suppose 19 = -4*u + 7. Let m(g) = -7528*g**2 - 11 + 8 + 7532*g**2 + 3 + g + 2 + 2*g**3 + 2. Calculate m(u).
-17
Let v(a) be the third derivative of -a**5/60 - a**4/6 + 2*a**3/3 - 4*a**2. Suppose -366 = 10*j - 326. Determine v(j).
4
Suppose 0 = -5*l - 3*q + 57 - 7, -4*q + 27 = l. Suppose 5*d = -2*d - l. Let j(n) = -2*n - 7. Let c(i) = 3*i + 6. Let m(z) = 6*c(z) + 5*j(z). What is m(d)?
-7
Let s(b) = 76*b**3 + 10*b**2 + b + 6. Let p(v) = 177*v**3 + 22*v**2 + 3*v + 14. Let t(j) = -3*p(j) + 7*s(j). Suppose 8 = -3*w + w. Give t(w).
8
Let y(f) = 877 - 250 + 11*f - 256 - 237. Calculate y(-13).
-9
Let t be (-176)/(-66)*1*-1*-15. Let f(r) = 19*r - t*r + 25*r. What is f(2)?
8
Let v be 196/56*(1 + 6/(-14)). Suppose 4*w + 2*j - 4*j + 16 = 0, v*j = -4. Let l(d) = -d**2 - 3*d + 5. Give l(w).
-5
Let p(z) = -138*z - 1. Suppose 3*o + 2 = 2*d + 2*o, 2*d + o = -6. What is p(d)?
137
Let c(j) be the third derivative of 1/24*j**4 + 0 + 0*j + 1/3*j**3 - 1/60*j**5 + 71*j**2. Let b = -5 - -5. Determine c(b).
2
Let c(a) be the third derivative of a**6/120 - a**5/10 - a**4/24 - 5*a**3/6 + 1231*a**2. Give c(6).
-11
Let k(n) be the first derivative of -n**4/4 - 13*n**3/3 + 5*n**2/2 + 12*n - 1643. Give k(-13).
-53
Let n = -7810 - -7809. Let k(j) = -j + 7. Determine k(n).
8
Let o(b) = -b**2 - 4*b - 1. Suppose 41*k - 104 = -11*k. Suppose 0 = -4*n - k*q - 16, -2 = -3*n - 3*q - 17. What is o(n)?
2
Let l be 7/(-2)*(28 - (-40344)/(-1440)). Let k(o) be the third derivative of 16*o**2 + l*o**6 - 1/12*o**4 - 1/60*o**5 - 1/6*o**3 + 0 + 0*o. Give k(-1).
-7
Let a be ((-224)/140)/((-4)/(-20)). Let q(c) = c**3 + 8*c**2 - 4*c + 2. Determine q(a).
34
Suppose 0 = 4*k - 207 + 227. Let o be 1/(-2 - 36/(-16)). Let u(d) = -o - 6*d - 7*d - d**2 + 6*d. What is u(k)?
6
Let k(o) = 3*o**2 + 3*o + 1. Let c(v) = 11*v**2 - 5*v - 60. Let h(n) = c(n) - 3*k(n). Give h(10).
-3
Let t be 270/8 - -18*11/(-264). Let o(x) = 8*x + 39 + t + x**2 - 74. Determine o(-7).
-9
Let v(z) = 177 - 87 + 4*z**2 - 14*z - 78. Determine v(2).
0
Let b = -69 - -65. Let r be -3 + (-381)/(-6) + (-2)/b. Let z = -67 + r. Let m(y) = y**3 + 5*y**2 - 5*y - 5. Determine m(z).
-11
Let s(o) = 117*o - 57*o + 17*o**2 - 63*o - 1 + 7 - 18*o**2. What is s(9)?
-102
Let l(u) be the third derivative of u**6/120 + 4*u**5/15 - 3*u**4/4 + u**3/3 + 2168*u**2. Determine l(-17).
19
Let g(v) = -v**3 - 10*v**2 - 2*v - 19. Suppose -4*w = 5*n + 35, 11*n = -2*w + 13*n - 22. What is g(w)?
1
Suppose 64*v + 112 = -193 - 79. Let l(a) = -3*a**2 - 22*a - 10. What is l(v)?
14
Let i(d) = -14*d + 6. Let w(x) = 22*x - 6. Let n(a) = -3*i(a) - 2*w(a). Let q = -150 + 156. Determine n(q).
-18
Suppose 37*s = 30*s + 1036. Let i(l) = -s + 4*l + 436 - 146 - 163. Determine i(6).
3
Let b = -6884 - -6879. Let i(u) = u**2 + 9*u + 5. Give i(b).
-15
Let h(k) be the first derivative of -7*k**4/4 + k**3/3 + k**2/2 - 3*k + 997. What is h(1)?
-8
Suppose -569*v = -1171*v + 589*v - 52. Let m(n) = -55*n - 221. Determine m(v).
-1
Let x(r) be the second derivative of r**3 - 37*r**2/2 - 10*r + 17. Give x(7).
5
Let g(s) be the first derivative of -1/3*s**3 + 151 - 11*s - 4*s**2. Calculate g(-9).
-20
Let n(x) = 3*x**2 - 12 + 5 - x**2 - 8*x - 7 - 5. Calculate n(-4).
45
Let v(z) = 1645*z**2 + z**3 - 1581*z**2 - 31*z - 24 - 79*z**2 - 2*z. Calculate v(17).
-7
Suppose 0 = 3*q + 5*m + 229, 0*q + 4*m = 5*q + 394. Let b = q + 82. Suppose -2*x + b*v - 14 = 0, v = x - 4*x + 7. Let l(t) = 26*t**2 - 2*t + 1. Give l(x).
25
Let j(b) = 7*b**2 + 104*b - 7. Let h(g) = -16*g**2 - 229*g + 14. Let f(u) = 4*h(u) + 9*j(u). Give f(21).
-28
Suppose 17 = 5*q + 2*i, -3*q - i + 11 = 1. Suppose q*t - 5*s - 3 + 0 = 0, t + 3*s = 1. Let p(c) = -29*c**3 - c + 11*c**3 + 7*c**3 + 9*c**3. Give p(t).
-3
Let t be (1/3)/(32/(-1056)). Let x(b) = 2*b**3 + 22*b**2 + 2*b + 16. Give x(t).
-6
Let p(y) = 7*y - 70. Let s be p(13). Let i(m) = -s + 0*m**3 - m + m**2 - m**3 + 22. Give i(1).
0
Let p(k) = -3. Let j(f) = -9*f**2 - 9*f - 22. Let r(b) = -j(b) + 6*p(b). Let c(i) = 13*i**2 + 12*i + 6. Let n(y) = -5*c(y) + 7*r(y). Give n(2).
-4
Let w(u) = -u**3 - u**2 - u + 16. Let m(h) = 13*h**2 + 67*h + 10. Let d be m(-5). Calculate w(d).
16
Let v(r) = -3*r + 4*r**2 - r**3 - r**2 - 4 + 2*r**2. Suppose 354 = -3*i + 426. Suppose 0 = -54*u + 46*u + i. Calculate v(u).
5
Let z(y) = -48*y**3 - y**2 + 3*y - 2. Let x = 2647 - 2646. What is z(x)?
-48
Let d be ((-13)/(-4))/((-234)/(-24) + -10). Let z(g) = g**2 + 12*g - 3. Calculate z(d).
10
Let g(n) be the second derivative of n**4/12 + 7*n**3/6 + 9*n**2/2 - 52*n. Let k be 15/27*3*-9. Let a = 9 + k. Determine g(a).
3
Suppose 61*s + 104 = 53*s. Let x(y) = -4 + 0*y - y - 6 - 1. Give x(s).
2
Let o = -50 + 55. Suppose o*b + 22 = 2*c, -3*c + b - 6*b - 17 = 0. Let r(p) be the third derivative of 5*p**4/12 + p**3/6 + 2*p**2 + 13. Give r(c).
11
Let u be (-5)/(-3) + (-14)/21. Let m(j) = 3 - 2*j**3 - u - 10*j + 7*j + 4*j**2. Suppose -2 = -1737*k + 1736*k. Give m(k).
-4
Let a = 5175 - 5175. Let g(p) be the second derivative of -9*p + a + 3/2*p**2 - 1/3*p**3. Determine g(2).
-1
Let r(y) = 43*y**2 - 2*y + 1. Let m = -236 + 240. Suppose 3*q - 5*p + 22 = 0, -m*q + 4*p = -q + 17. Determine r(q).
42
Let z(n) = -7*n**2 - 6*n + 13. Let k(y) = 4*y**2 + 3*y - 7. Let l(m) = 5*k(m) + 3*z(m). Let f(g) = g**3 + 3*g**2 + 2*g + 57. Let v be f(-5). Determine l(v).
4
Suppose 5*u - 2*u + 57 = 0. Let j be 2/(-6)*(-2 + (-5 - u)). Let h(p) = p. Calculate h(j).
-4
Let d(b) be the second derivative of -1/12*b**4 + 0 + 0*b**2 - 58*b - 7/3*b**3. Calculate d(-14).
0
Suppose 3*k - 8*k = -2*z - 849, -1 = -k. Let l = 419 + z. Let m(y) = -y**3 - 3*y**2. What is m(l)?
0
Let y(t) = -t**3 + t**2 - 1. Let k(b) = 2*b**3 - 4*b**2 + b + 14. Let n(j) = -k(j) - 3*y(j). Let d = -4 + 4. Calculate n(d).
-11
Let a(f) = -f**3 + 5*f**2 - f + 6. Suppose 0 = -0*g - 7*g - 10*g. Let d be g/(-5) - (-1)/(-3)*0. Let c be 185/(-37) + (10 - d). Give a(c).
1
Suppose -7*o = -0*o + 959. Let d = -109 - o. Let g = -26 + d. Let s(b) = b**3 - 2. Determine s(g).
6
Let o(t) = -3*t**2 - 7*t - 7. Let p = 143 + -145. Let b be o(p). Let g(u) = -u**3 - 6*u**2 - 5*u + 5. Calculate g(b).
5
Let r(z) = 5*z + 350 - 162 - 163. What is r(-11)?
-30
Suppose h - 2 = -5*n - 11, -4*n + 4 = -2*h. Suppose 311 = 7*s + 73. Let j(g) = -19 - 6*g + s - 20. What is j(h)?
19
Let c(p) be the first derivative of -11 + 2*p - 7/2*p**2 + 1/3*p**3. Calculate c(4).
-10
Let r(l) = -94*l**2 - 49*l + 78. Let z(s) = -12*s**2 + 2*s - 1. Let o(w) = r(w) - 8*z(w). Determine o(31).
-7
Let i(c) = 7641332*c - 2*c**3 - 3*c**2 + 6*c**2 - 7641332*c. What is i(2)?
-4
Let s(q) = 2*q. Let k(d) = -d**2 + 20*d - 72. Let w be k(6). Suppose -13 = 3*y